CRAN Package Check Results for Package AGHmatrix

Last updated on 2020-01-25 11:48:11 CET.

Flavor Version Tinstall Tcheck Ttotal Status Flags
r-devel-linux-x86_64-debian-clang 1.0.2 7.72 79.05 86.77 OK
r-devel-linux-x86_64-debian-gcc 1.0.2 7.27 62.70 69.97 OK
r-devel-linux-x86_64-fedora-clang 1.0.2 121.06 OK
r-devel-linux-x86_64-fedora-gcc 1.0.2 106.59 OK
r-devel-windows-ix86+x86_64 1.0.2 23.00 139.00 162.00 OK
r-devel-windows-ix86+x86_64-gcc8 1.0.2 21.00 143.00 164.00 OK
r-patched-linux-x86_64 1.0.2 8.32 71.67 79.99 OK
r-patched-solaris-x86 1.0.2 124.30 OK
r-release-linux-x86_64 1.0.2 6.72 71.91 78.63 OK
r-release-windows-ix86+x86_64 1.0.2 13.00 102.00 115.00 OK
r-release-osx-x86_64 1.0.2 OK
r-oldrel-windows-ix86+x86_64 0.0.5 10.00 105.00 115.00 OK
r-oldrel-osx-x86_64 1.0.2 ERROR

Check Details

Version: 1.0.2
Check: whether package can be installed
Result: ERROR
    Installation failed.
Flavor: r-oldrel-osx-x86_64