CRAN Package Check Results for Package AMOEBA

Last updated on 2020-02-24 03:46:27 CET.

Flavor Version Tinstall Tcheck Ttotal Status Flags
r-devel-linux-x86_64-debian-clang 1.1 15.72 116.62 132.34 NOTE
r-devel-linux-x86_64-debian-gcc 1.1 NOTE
r-devel-linux-x86_64-fedora-clang 1.1 180.05 WARN
r-devel-linux-x86_64-fedora-gcc 1.1 171.35 WARN
r-devel-windows-ix86+x86_64 1.1 26.00 120.00 146.00 NOTE
r-devel-windows-ix86+x86_64-gcc8 1.1 30.00 122.00 152.00 NOTE
r-patched-linux-x86_64 1.1 NOTE
r-patched-solaris-x86 1.1 234.90 NOTE
r-release-linux-x86_64 1.1 12.53 103.04 115.57 NOTE
r-release-windows-ix86+x86_64 1.1 24.00 114.00 138.00 NOTE
r-release-osx-x86_64 1.1 NOTE
r-oldrel-windows-ix86+x86_64 1.1 16.00 116.00 132.00 NOTE
r-oldrel-osx-x86_64 1.1 NOTE

Check Details

Version: 1.1
Check: R code for possible problems
Result: NOTE
    AMOEBA : Classi: no visible global function definition for 'sd'
    Undefined global functions or variables:
     sd
    Consider adding
     importFrom("stats", "sd")
    to your NAMESPACE file.
Flavors: r-devel-linux-x86_64-debian-clang, r-devel-linux-x86_64-debian-gcc, r-devel-linux-x86_64-fedora-clang, r-devel-linux-x86_64-fedora-gcc, r-devel-windows-ix86+x86_64, r-devel-windows-ix86+x86_64-gcc8, r-patched-linux-x86_64, r-patched-solaris-x86, r-release-linux-x86_64, r-release-windows-ix86+x86_64, r-release-osx-x86_64, r-oldrel-windows-ix86+x86_64, r-oldrel-osx-x86_64

Version: 1.1
Check: whether package can be installed
Result: WARN
    Found the following significant warnings:
     Warning: namespace ‘rgdal’ is not available and has been replaced
Flavors: r-devel-linux-x86_64-fedora-clang, r-devel-linux-x86_64-fedora-gcc