CRAN Package Check Results for Package BallMapper

Last updated on 2020-02-20 07:51:49 CET.

Flavor Version Tinstall Tcheck Ttotal Status Flags
r-devel-linux-x86_64-debian-clang 0.2.0 6.44 29.04 35.48 OK
r-devel-linux-x86_64-debian-gcc 0.2.0 5.66 22.39 28.05 OK
r-devel-linux-x86_64-fedora-clang 0.2.0 42.38 NOTE
r-devel-linux-x86_64-fedora-gcc 0.2.0 41.75 NOTE
r-devel-windows-ix86+x86_64 0.2.0 9.00 37.00 46.00 OK
r-devel-windows-ix86+x86_64-gcc8 0.2.0 18.00 54.00 72.00 OK
r-patched-linux-x86_64 0.2.0 5.03 26.34 31.37 OK
r-patched-solaris-x86 0.2.0 56.80 NOTE
r-release-linux-x86_64 0.2.0 5.41 27.11 32.52 OK
r-release-windows-ix86+x86_64 0.2.0 8.00 37.00 45.00 OK
r-release-osx-x86_64 0.2.0 NOTE
r-oldrel-windows-ix86+x86_64 0.2.0 7.00 37.00 44.00 OK
r-oldrel-osx-x86_64 0.2.0 NOTE

Check Details

Version: 0.2.0
Check: dependencies in R code
Result: NOTE
    Namespace in Imports field not imported from: ‘testthat’
     All declared Imports should be used.
Flavors: r-devel-linux-x86_64-fedora-clang, r-devel-linux-x86_64-fedora-gcc, r-patched-solaris-x86, r-release-osx-x86_64, r-oldrel-osx-x86_64