CRAN Package Check Results for Package DNLC

Last updated on 2020-04-07 07:48:27 CEST.

Flavor Version Tinstall Tcheck Ttotal Status Flags
r-devel-linux-x86_64-debian-clang 1.0.0 10.86 23.81 34.67 OK
r-devel-linux-x86_64-debian-gcc 1.0.0 10.92 18.95 29.87 OK
r-devel-linux-x86_64-fedora-clang 1.0.0 47.29 NOTE
r-devel-linux-x86_64-fedora-gcc 1.0.0 44.68 NOTE
r-devel-windows-ix86+x86_64 1.0.0 20.00 52.00 72.00 OK
r-devel-windows-ix86+x86_64-gcc8 1.0.0 12.00 37.00 49.00 OK
r-patched-linux-x86_64 1.0.0 11.32 23.02 34.34 OK
r-patched-solaris-x86 1.0.0 71.20 NOTE
r-release-linux-x86_64 1.0.0 9.73 21.70 31.43 OK
r-release-windows-ix86+x86_64 1.0.0 15.00 50.00 65.00 OK
r-release-osx-x86_64 1.0.0 WARN
r-oldrel-windows-ix86+x86_64 1.0.0 13.00 37.00 50.00 OK
r-oldrel-osx-x86_64 1.0.0 NOTE

Check Details

Version: 1.0.0
Check: dependencies in R code
Result: NOTE
    Namespaces in Imports field not imported from:
     ‘GOstats’ ‘caTools’ ‘fdrtool’
     All declared Imports should be used.
Flavors: r-devel-linux-x86_64-fedora-clang, r-devel-linux-x86_64-fedora-gcc, r-patched-solaris-x86, r-release-osx-x86_64, r-oldrel-osx-x86_64

Version: 1.0.0
Check: whether package can be installed
Result: WARN
    Found the following significant warnings:
     Warning: package ‘AnnotationDbi’ was built under R version 3.6.1
     Warning: package ‘IRanges’ was built under R version 3.6.1
     Warning: package ‘S4Vectors’ was built under R version 3.6.1
Flavor: r-release-osx-x86_64