CRAN Package Check Results for Package EcoGenetics

Last updated on 2020-02-29 03:49:20 CET.

Flavor Version Tinstall Tcheck Ttotal Status Flags
r-devel-linux-x86_64-debian-clang 1.2.1-5 52.82 234.07 286.89 OK
r-devel-linux-x86_64-debian-gcc 1.2.1-5 45.04 180.10 225.14 OK
r-devel-linux-x86_64-fedora-clang 1.2.1-5 383.21 WARN
r-devel-linux-x86_64-fedora-gcc 1.2.1-5 349.83 OK
r-devel-windows-ix86+x86_64 1.2.1-5 108.00 346.00 454.00 OK
r-devel-windows-ix86+x86_64-gcc8 1.2.1-5 82.00 266.00 348.00 OK
r-patched-linux-x86_64 1.2.1-5 48.73 203.39 252.12 OK
r-patched-solaris-x86 1.2.1-5 500.50 OK
r-release-linux-x86_64 1.2.1-5 50.23 206.34 256.57 OK
r-release-windows-ix86+x86_64 1.2.1-5 67.00 257.00 324.00 OK
r-release-osx-x86_64 1.2.1-5 OK
r-oldrel-windows-ix86+x86_64 1.2.1-5 59.00 188.00 247.00 OK
r-oldrel-osx-x86_64 1.2.1-5 OK

Check Details

Version: 1.2.1-5
Check: package dependencies
Result: WARN
    Requires orphaned package: ‘d3heatmap’
Flavor: r-devel-linux-x86_64-fedora-clang