CRAN Package Check Results for Package FactorsR

Last updated on 2020-04-07 23:47:00 CEST.

Flavor Version Tinstall Tcheck Ttotal Status Flags
r-devel-linux-x86_64-debian-clang 1.4 4.33 32.24 36.57 OK
r-devel-linux-x86_64-debian-gcc 1.4 3.32 25.41 28.73 OK
r-devel-linux-x86_64-fedora-clang 1.4 43.57 NOTE
r-devel-linux-x86_64-fedora-gcc 1.4 44.82 NOTE
r-devel-windows-ix86+x86_64 1.4 8.00 40.00 48.00 OK
r-devel-windows-ix86+x86_64-gcc8 1.4 7.00 42.00 49.00 OK
r-patched-linux-x86_64 1.4 3.56 31.76 35.32 OK
r-patched-solaris-x86 1.4 67.00 NOTE
r-release-linux-x86_64 1.4 2.91 28.95 31.86 OK
r-release-windows-ix86+x86_64 1.4 6.00 61.00 67.00 OK
r-release-osx-x86_64 1.4 NOTE
r-oldrel-windows-ix86+x86_64 1.4 6.00 42.00 48.00 OK
r-oldrel-osx-x86_64 1.4 NOTE

Check Details

Version: 1.4
Check: data for non-ASCII characters
Result: NOTE
     Note: found 5 marked Latin-1 strings
Flavors: r-devel-linux-x86_64-fedora-clang, r-devel-linux-x86_64-fedora-gcc, r-patched-solaris-x86, r-release-osx-x86_64, r-oldrel-osx-x86_64