CRAN Package Check Results for Package GeoMongo

Last updated on 2020-03-31 23:47:06 CEST.

Flavor Version Tinstall Tcheck Ttotal Status Flags
r-devel-linux-x86_64-debian-clang 1.0.1 8.23 73.16 81.39 OK
r-devel-linux-x86_64-debian-gcc 1.0.1 5.71 56.00 61.71 OK
r-devel-linux-x86_64-fedora-clang 1.0.1 70.57 OK
r-devel-linux-x86_64-fedora-gcc 1.0.1 69.42 OK
r-devel-windows-ix86+x86_64 1.0.1 16.00 47.00 63.00 OK
r-devel-windows-ix86+x86_64-gcc8 1.0.1 14.00 47.00 61.00 OK
r-patched-linux-x86_64 1.0.1 7.30 70.75 78.05 OK
r-patched-solaris-x86 1.0.1 79.30 OK
r-release-linux-x86_64 1.0.1 6.92 69.12 76.04 OK
r-release-windows-ix86+x86_64 1.0.1 28.00 127.00 155.00 NOTE
r-release-osx-x86_64 1.0.1 OK
r-oldrel-windows-ix86+x86_64 1.0.1 12.00 72.00 84.00 OK
r-oldrel-osx-x86_64 1.0.1 OK

Check Details

Version: 1.0.1
Check: whether the namespace can be loaded with stated dependencies
Result: NOTE
    Warning in system2(command = python, args = paste0("\"", config_script, :
     running command '"C:/Users/CRAN/AppData/Local/r-miniconda/envs/r-reticulate/python.exe" "d:/RCompile/CRANpkg/lib/3.6/reticulate/config/config.py"' had status 2
    
    A namespace must be able to be loaded with just the base namespace
    loaded: otherwise if the namespace gets loaded by a saved object, the
    session will be unable to start.
    
    Probably some imports need to be declared in the NAMESPACE file.
Flavor: r-release-windows-ix86+x86_64