CRAN Package Check Results for Package HMP

Last updated on 2020-01-24 19:48:31 CET.

Flavor Version Tinstall Tcheck Ttotal Status Flags
r-devel-linux-x86_64-debian-clang 2.0.1 11.93 97.90 109.83 OK
r-devel-linux-x86_64-debian-gcc 2.0.1 9.31 74.76 84.07 OK
r-devel-linux-x86_64-fedora-clang 2.0.1 128.39 WARN
r-devel-linux-x86_64-fedora-gcc 2.0.1 125.88 OK
r-devel-windows-ix86+x86_64 2.0.1 28.00 165.00 193.00 OK
r-devel-windows-ix86+x86_64-gcc8 2.0.1 36.00 121.00 157.00 OK
r-patched-linux-x86_64 2.0.1 8.50 86.16 94.66 OK
r-patched-solaris-x86 2.0.1 185.90 OK
r-release-linux-x86_64 2.0.1 8.32 86.37 94.69 OK
r-release-windows-ix86+x86_64 2.0.1 19.00 146.00 165.00 OK
r-release-osx-x86_64 2.0.1 OK
r-oldrel-windows-ix86+x86_64 2.0.1 12.00 93.00 105.00 OK
r-oldrel-osx-x86_64 2.0.1 OK

Check Details

Version: 2.0.1
Check: package dependencies
Result: WARN
    Requires orphaned package: ‘gplots’
Flavor: r-devel-linux-x86_64-fedora-clang