CRAN Package Check Results for Package HydeNet

Last updated on 2020-01-28 23:48:52 CET.

Flavor Version Tinstall Tcheck Ttotal Status Flags
r-devel-linux-x86_64-debian-clang 0.10.9 8.98 101.31 110.29 OK
r-devel-linux-x86_64-debian-gcc 0.10.9 7.47 82.98 90.45 OK
r-devel-linux-x86_64-fedora-clang 0.10.9 128.76 OK
r-devel-linux-x86_64-fedora-gcc 0.10.9 123.89 OK
r-devel-windows-ix86+x86_64 0.10.9 17.00 110.00 127.00 WARN
r-devel-windows-ix86+x86_64-gcc8 0.10.9 32.00 158.00 190.00 WARN
r-patched-linux-x86_64 0.10.9 OK
r-patched-solaris-x86 0.10.9 177.20 OK
r-release-linux-x86_64 0.10.9 6.89 96.35 103.24 OK
r-release-windows-ix86+x86_64 0.10.9 13.00 109.00 122.00 WARN
r-release-osx-x86_64 0.10.9 OK
r-oldrel-windows-ix86+x86_64 0.10.9 15.00 124.00 139.00 WARN
r-oldrel-osx-x86_64 0.10.9 OK

Check Details

Version: 0.10.9
Check: re-building of vignette outputs
Result: WARN
    Error(s) in re-building vignettes:
    --- re-building 'DecisionNetworks.Rmd' using rmarkdown
    Warning in engine$weave(file, quiet = quiet, encoding = enc) :
     The vignette engine knitr::rmarkdown is not available, because the rmarkdown package is not installed. Please install it.
    Loading required package: nnet
    --- finished re-building 'DecisionNetworks.Rmd'
    
    --- re-building 'GettingStartedWithHydeNet.Rmd' using rmarkdown
    Warning in engine$weave(file, quiet = quiet, encoding = enc) :
     The vignette engine knitr::rmarkdown is not available, because the rmarkdown package is not installed. Please install it.
    --- finished re-building 'GettingStartedWithHydeNet.Rmd'
    
    --- re-building 'HydeNetPlots.Rmd' using rmarkdown
    Warning in engine$weave(file, quiet = quiet, encoding = enc) :
     The vignette engine knitr::rmarkdown is not available, because the rmarkdown package is not installed. Please install it.
    Quitting from lines 158-167 (HydeNetPlots.Rmd)
    Error: processing vignette 'HydeNetPlots.Rmd' failed with diagnostics:
    Blackjack rules URL does not exist. Find a new link
    --- failed re-building 'HydeNetPlots.Rmd'
    
    --- re-building 'WorkingWithHydeNetObjects.Rmd' using rmarkdown
    Warning in engine$weave(file, quiet = quiet, encoding = enc) :
     The vignette engine knitr::rmarkdown is not available, because the rmarkdown package is not installed. Please install it.
    --- finished re-building 'WorkingWithHydeNetObjects.Rmd'
    
    SUMMARY: processing the following file failed:
     'HydeNetPlots.Rmd'
    
    Error: Vignette re-building failed.
    Execution halted
Flavors: r-devel-windows-ix86+x86_64, r-devel-windows-ix86+x86_64-gcc8, r-release-windows-ix86+x86_64

Version: 0.10.9
Check: re-building of vignette outputs
Result: WARN
    Error in re-building vignettes:
     ...
    Warning in engine$weave(file, quiet = quiet, encoding = enc) :
     The vignette engine knitr::rmarkdown is not available, because the rmarkdown package is not installed. Please install it.
    Loading required package: nnet
    Warning in engine$weave(file, quiet = quiet, encoding = enc) :
     The vignette engine knitr::rmarkdown is not available, because the rmarkdown package is not installed. Please install it.
    Warning in engine$weave(file, quiet = quiet, encoding = enc) :
     The vignette engine knitr::rmarkdown is not available, because the rmarkdown package is not installed. Please install it.
    Quitting from lines 158-167 (HydeNetPlots.Rmd)
    Error: processing vignette 'HydeNetPlots.Rmd' failed with diagnostics:
    Blackjack rules URL does not exist. Find a new link
    Execution halted
Flavor: r-oldrel-windows-ix86+x86_64