CRAN Package Check Results for Package LabourMarketAreas

Last updated on 2019-12-12 15:49:49 CET.

Flavor Version Tinstall Tcheck Ttotal Status Flags
r-devel-linux-x86_64-debian-clang 3.2.2 12.99 125.22 138.21 OK
r-devel-linux-x86_64-debian-gcc 3.2.2 11.72 111.81 123.53 OK
r-devel-linux-x86_64-fedora-clang 3.2.2 153.34 NOTE
r-devel-linux-x86_64-fedora-gcc 3.2.2 158.26 NOTE
r-devel-windows-ix86+x86_64 3.2.2 28.00 136.00 164.00 OK
r-devel-windows-ix86+x86_64-gcc8 3.2.2 33.00 212.00 245.00 OK
r-patched-linux-x86_64 3.2.2 11.62 116.60 128.22 OK
r-patched-solaris-x86 3.2.2 206.90 NOTE
r-release-linux-x86_64 3.2.2 11.25 116.70 127.95 OK
r-release-windows-ix86+x86_64 3.2.2 29.00 132.00 161.00 OK
r-release-osx-x86_64 3.2.2 NOTE
r-oldrel-windows-ix86+x86_64 3.2.2 17.00 121.00 138.00 OK
r-oldrel-osx-x86_64 3.2.2 NOTE

Check Details

Version: 3.2.2
Check: data for non-ASCII characters
Result: NOTE
     Note: found 15 marked UTF-8 strings
Flavors: r-devel-linux-x86_64-fedora-clang, r-devel-linux-x86_64-fedora-gcc, r-patched-solaris-x86, r-release-osx-x86_64, r-oldrel-osx-x86_64