CRAN Package Check Results for Package MCDA

Last updated on 2019-11-14 23:49:32 CET.

Flavor Version Tinstall Tcheck Ttotal Status Flags
r-devel-linux-x86_64-debian-clang 0.0.20 12.89 118.60 131.49 OK
r-devel-linux-x86_64-debian-gcc 0.0.20 11.14 92.23 103.37 OK
r-devel-linux-x86_64-fedora-clang 0.0.20 156.58 NOTE
r-devel-linux-x86_64-fedora-gcc 0.0.20 159.23 NOTE
r-devel-windows-ix86+x86_64 0.0.20 20.00 194.00 214.00 NOTE
r-patched-linux-x86_64 0.0.20 11.65 115.64 127.29 OK
r-patched-solaris-x86 0.0.20 208.00 NOTE
r-release-linux-x86_64 0.0.20 10.61 116.81 127.42 OK
r-release-windows-ix86+x86_64 0.0.20 17.00 238.00 255.00 NOTE
r-release-osx-x86_64 0.0.20 NOTE
r-oldrel-windows-ix86+x86_64 0.0.20 17.00 252.00 269.00 NOTE
r-oldrel-osx-x86_64 0.0.20 NOTE

Check Details

Version: 0.0.20
Check: package dependencies
Result: NOTE
    Package suggested but not available for checking: ‘cplexAPI’
Flavors: r-devel-linux-x86_64-fedora-clang, r-devel-linux-x86_64-fedora-gcc, r-devel-windows-ix86+x86_64, r-patched-solaris-x86, r-release-windows-ix86+x86_64, r-release-osx-x86_64, r-oldrel-windows-ix86+x86_64, r-oldrel-osx-x86_64