Last updated on 2019-12-07 15:47:13 CET.
Flavor | Version | Tinstall | Tcheck | Ttotal | Status | Flags |
---|---|---|---|---|---|---|
r-devel-linux-x86_64-debian-clang | 1.4-5 | 496.67 | 113.95 | 610.62 | OK | |
r-devel-linux-x86_64-debian-gcc | 1.4-5 | 323.11 | 87.98 | 411.09 | OK | |
r-devel-linux-x86_64-fedora-clang | 1.4-5 | 968.65 | NOTE | |||
r-devel-linux-x86_64-fedora-gcc | 1.4-5 | 743.62 | OK | |||
r-devel-windows-ix86+x86_64 | 1.4-5 | 681.00 | 231.00 | 912.00 | NOTE | |
r-devel-windows-ix86+x86_64-gcc8 | 1.4-4 | 554.00 | 168.00 | 722.00 | NOTE | |
r-patched-linux-x86_64 | 1.4-5 | 291.66 | 103.50 | 395.16 | OK | |
r-patched-solaris-x86 | 1.4-5 | 990.80 | NOTE | |||
r-release-linux-x86_64 | 1.4-5 | 295.63 | 104.32 | 399.95 | OK | |
r-release-windows-ix86+x86_64 | 1.4-5 | 759.00 | 225.00 | 984.00 | NOTE | |
r-release-osx-x86_64 | 1.4-5 | NOTE | ||||
r-oldrel-windows-ix86+x86_64 | 1.4-4 | 611.00 | 167.00 | 778.00 | NOTE | |
r-oldrel-osx-x86_64 | 1.4-5 | ERROR |
Version: 1.4-5
Check: installed package size
Result: NOTE
installed size is 45.8Mb
sub-directories of 1Mb or more:
libs 44.8Mb
Flavors: r-devel-linux-x86_64-fedora-clang, r-devel-windows-ix86+x86_64, r-patched-solaris-x86, r-release-windows-ix86+x86_64, r-release-osx-x86_64
Version: 1.4-4
Check: installed package size
Result: NOTE
installed size is 7.9Mb
sub-directories of 1Mb or more:
libs 6.8Mb
Flavors: r-devel-windows-ix86+x86_64-gcc8, r-oldrel-windows-ix86+x86_64
Version: 1.4-5
Check: whether package can be installed
Result: ERROR
Installation failed.
Flavor: r-oldrel-osx-x86_64