CRAN Package Check Results for Package NPflow

Last updated on 2020-04-08 23:51:30 CEST.

Flavor Version Tinstall Tcheck Ttotal Status Flags
r-devel-linux-x86_64-debian-clang 0.13.3 282.43 115.54 397.97 OK
r-devel-linux-x86_64-debian-gcc 0.13.3 178.73 86.83 265.56 OK
r-devel-linux-x86_64-fedora-clang 0.13.3 523.74 NOTE
r-devel-linux-x86_64-fedora-gcc 0.13.3 486.52 OK
r-devel-windows-ix86+x86_64 0.13.3 485.00 269.00 754.00 OK
r-devel-windows-ix86+x86_64-gcc8 0.13.3 514.00 184.00 698.00 OK
r-patched-linux-x86_64 0.13.3 218.50 110.25 328.75 OK
r-patched-solaris-x86 0.13.3 431.40 OK
r-release-linux-x86_64 0.13.3 217.76 103.99 321.75 OK
r-release-windows-ix86+x86_64 0.13.3 499.00 236.00 735.00 OK
r-release-osx-x86_64 0.13.3 NOTE
r-oldrel-windows-ix86+x86_64 0.13.3 636.00 248.00 884.00 OK
r-oldrel-osx-x86_64 0.13.3 NOTE

Check Details

Version: 0.13.3
Check: installed package size
Result: NOTE
     installed size is 9.9Mb
     sub-directories of 1Mb or more:
     libs 9.3Mb
Flavors: r-devel-linux-x86_64-fedora-clang, r-release-osx-x86_64, r-oldrel-osx-x86_64