CRAN Package Check Results for Package OTclust

Last updated on 2019-11-15 15:47:37 CET.

Flavor Version Tinstall Tcheck Ttotal Status Flags
r-devel-linux-x86_64-debian-clang 1.0.2 21.87 552.19 574.06 NOTE
r-devel-linux-x86_64-debian-gcc 1.0.2 13.84 338.30 352.14 NOTE
r-devel-linux-x86_64-fedora-clang 1.0.2 92.77 OK
r-devel-linux-x86_64-fedora-gcc 1.0.2 88.64 OK
r-devel-windows-ix86+x86_64 1.0.2 55.00 700.00 755.00 NOTE
r-patched-linux-x86_64 1.0.2 13.76 47.02 60.78 OK
r-patched-solaris-x86 1.0.2 905.40 OK
r-release-linux-x86_64 1.0.2 15.65 556.68 572.33 OK
r-release-windows-ix86+x86_64 1.0.2 37.00 123.00 160.00 OK
r-release-osx-x86_64 1.0.2 OK
r-oldrel-windows-ix86+x86_64 1.0.2 31.00 95.00 126.00 OK
r-oldrel-osx-x86_64 1.0.2 OK

Check Details

Version: 1.0.2
Check: package vignettes
Result: NOTE
    Package vignette with placeholder title 'Vignette Title':
     'OTclust.Rmd'
Flavors: r-devel-linux-x86_64-debian-clang, r-devel-linux-x86_64-debian-gcc, r-devel-windows-ix86+x86_64