CRAN Package Check Results for Package RAM

Last updated on 2020-02-16 19:49:05 CET.

Flavor Version Tinstall Tcheck Ttotal Status Flags
r-devel-linux-x86_64-debian-clang 1.2.1.7 22.85 185.54 208.39 OK
r-devel-linux-x86_64-debian-gcc 1.2.1.7 20.20 138.51 158.71 OK
r-devel-linux-x86_64-fedora-clang 1.2.1.7 246.54 WARN
r-devel-windows-ix86+x86_64 1.2.1.7 37.00 219.00 256.00 OK
r-devel-windows-ix86+x86_64-gcc8 1.2.1.7 62.00 268.00 330.00 OK
r-patched-linux-x86_64 1.2.1.7 19.64 163.97 183.61 OK
r-patched-solaris-x86 1.2.1.7 351.90 OK
r-release-linux-x86_64 1.2.1.7 19.45 165.30 184.75 OK
r-release-windows-ix86+x86_64 1.2.1.7 35.00 185.00 220.00 OK
r-release-osx-x86_64 1.2.1.7 NOTE
r-oldrel-windows-ix86+x86_64 1.2.1.7 23.00 266.00 289.00 OK
r-oldrel-osx-x86_64 1.2.1.7 NOTE

Check Details

Version: 1.2.1.7
Check: package dependencies
Result: WARN
    Requires orphaned package: ‘gplots’
Flavor: r-devel-linux-x86_64-fedora-clang

Version: 1.2.1.7
Check: package dependencies
Result: NOTE
    Package suggested but not available for checking: ‘Heatplus’
Flavors: r-release-osx-x86_64, r-oldrel-osx-x86_64

Version: 1.2.1.7
Check: Rd cross-references
Result: NOTE
    Package unavailable to check Rd xrefs: ‘Heatplus’
Flavors: r-release-osx-x86_64, r-oldrel-osx-x86_64