CRAN Package Check Results for Package RCzechia

Last updated on 2020-02-17 03:49:22 CET.

Flavor Version Tinstall Tcheck Ttotal Status Flags
r-devel-linux-x86_64-debian-clang 1.4.5 5.86 286.02 291.88 ERROR
r-devel-linux-x86_64-debian-gcc 1.4.5 4.54 191.66 196.20 OK
r-devel-linux-x86_64-fedora-clang 1.4.5 352.18 OK
r-devel-windows-ix86+x86_64 1.4.5 13.00 106.00 119.00 WARN
r-devel-windows-ix86+x86_64-gcc8 1.4.5 16.00 380.00 396.00 OK
r-patched-linux-x86_64 1.4.5 4.73 259.72 264.45 OK
r-patched-solaris-x86 1.4.5 562.20 OK
r-release-linux-x86_64 1.4.5 4.09 254.89 258.98 OK
r-release-windows-ix86+x86_64 1.4.5 9.00 304.00 313.00 OK
r-release-osx-x86_64 1.4.5 OK
r-oldrel-windows-ix86+x86_64 1.4.5 6.00 406.00 412.00 OK
r-oldrel-osx-x86_64 1.4.5 OK

Check Details

Version: 1.4.5
Check: examples
Result: ERROR
    Running examples in 'RCzechia-Ex.R' failed
    The error most likely occurred in:
    
    > base::assign(".ptime", proc.time(), pos = "CheckExEnv")
    > ### Name: geocode
    > ### Title: Geocode a Czech Address
    > ### Aliases: geocode
    >
    > ### ** Examples
    >
    > <ERROR: re-encoding failure from encoding 'UTF-8'>
    asdf <- geocode("Pod sídlišt...
    + print(asdf)
    +
    +
    +
    + base::assign(".dptime", (proc.time() - get(".ptime", pos = "CheckExEnv")), pos = "CheckExEnv")
    Error: unexpected symbol in:
    "
    base::assign(".dptime"
    Execution halted
Flavor: r-devel-linux-x86_64-debian-clang

Version: 1.4.5
Check: re-building of vignette outputs
Result: WARN
    Error(s) in re-building vignettes:
    --- re-building 'vignette.Rmd' using rmarkdown
    Loading required package: sf
    Linking to GEOS 3.6.1, GDAL 2.2.3, PROJ 4.9.3
    
    Attaching package: 'dplyr'
    
    The following objects are masked from 'package:stats':
    
     filter, lag
    
    The following objects are masked from 'package:base':
    
     intersect, setdiff, setequal, union
    
    Quitting from lines 28-65 (vignette.Rmd)
    Error: processing vignette 'vignette.Rmd' failed with diagnostics:
    Could not resolve host: raw.githubusercontent.com
    --- failed re-building 'vignette.Rmd'
    
    SUMMARY: processing the following file failed:
     'vignette.Rmd'
    
    Error: Vignette re-building failed.
    Execution halted
Flavor: r-devel-windows-ix86+x86_64