CRAN Package Check Results for Package RMariaDB

Last updated on 2020-02-23 07:49:34 CET.

Flavor Version Tinstall Tcheck Ttotal Status Flags
r-devel-linux-x86_64-debian-clang 1.0.8 104.48 40.61 145.09 OK
r-devel-linux-x86_64-debian-gcc 1.0.8 65.33 31.27 96.60 OK
r-devel-linux-x86_64-fedora-clang 1.0.8 215.03 OK
r-devel-linux-x86_64-fedora-gcc 1.0.8 191.67 OK
r-devel-windows-ix86+x86_64 1.0.8 391.00 172.00 563.00 NOTE
r-devel-windows-ix86+x86_64-gcc8 1.0.8 589.00 199.00 788.00 NOTE
r-patched-linux-x86_64 1.0.8 OK
r-patched-solaris-x86 1.0.8 181.10 OK
r-release-linux-x86_64 1.0.8 84.69 35.54 120.23 OK
r-release-windows-ix86+x86_64 1.0.8 395.00 165.00 560.00 NOTE
r-release-osx-x86_64 1.0.8 NOTE
r-oldrel-windows-ix86+x86_64 1.0.8 441.00 154.00 595.00 NOTE
r-oldrel-osx-x86_64 1.0.8 NOTE

Check Details

Version: 1.0.8
Check: installed package size
Result: NOTE
     installed size is 8.2Mb
     sub-directories of 1Mb or more:
     libs 7.8Mb
Flavors: r-devel-windows-ix86+x86_64, r-devel-windows-ix86+x86_64-gcc8, r-release-windows-ix86+x86_64, r-release-osx-x86_64, r-oldrel-windows-ix86+x86_64, r-oldrel-osx-x86_64