CRAN Package Check Results for Package RRphylo

Last updated on 2020-02-26 07:51:54 CET.

Flavor Version Tinstall Tcheck Ttotal Status Flags
r-devel-linux-x86_64-debian-clang 2.4.0 28.42 159.12 187.54 OK
r-devel-linux-x86_64-debian-gcc 2.4.0 26.71 122.38 149.09 OK
r-devel-linux-x86_64-fedora-clang 2.4.0 233.81 NOTE
r-devel-linux-x86_64-fedora-gcc 2.4.0 222.19 NOTE
r-devel-windows-ix86+x86_64 2.4.0 50.00 158.00 208.00 OK
r-devel-windows-ix86+x86_64-gcc8 2.4.0 50.00 167.00 217.00 OK
r-patched-linux-x86_64 2.4.0 24.76 140.90 165.66 OK
r-patched-solaris-x86 2.4.0 298.00 NOTE
r-release-linux-x86_64 2.4.0 26.18 142.04 168.22 OK
r-release-windows-ix86+x86_64 2.4.0 45.00 153.00 198.00 OK
r-release-osx-x86_64 2.4.0 WARN
r-oldrel-windows-ix86+x86_64 2.0.3 53.00 153.00 206.00 OK
r-oldrel-osx-x86_64 2.4.0 ERROR

Check Details

Version: 2.4.0
Check: package dependencies
Result: NOTE
    Imports includes 25 non-default packages.
    Importing from so many packages makes the package vulnerable to any of
    them becoming unavailable. Move as many as possible to Suggests and
    use conditionally.
Flavor: r-devel-linux-x86_64-fedora-clang

Version: 2.4.0
Check: dependencies in R code
Result: NOTE
    Namespace in Imports field not imported from: ‘mvMORPH’
     All declared Imports should be used.
Flavors: r-devel-linux-x86_64-fedora-clang, r-devel-linux-x86_64-fedora-gcc, r-patched-solaris-x86

Version: 2.4.0
Check: whether package can be installed
Result: WARN
    Found the following significant warnings:
     Warning: 'rgl_init' failed, running with rgl.useNULL = TRUE
Flavor: r-release-osx-x86_64

Version: 2.4.0
Check: dependencies in R code
Result: NOTE
    No protocol specified
    Namespace in Imports field not imported from: ‘mvMORPH’
     All declared Imports should be used.
Flavor: r-release-osx-x86_64

Version: 2.4.0
Check: S3 generic/method consistency
Result: WARN
    No protocol specified
    See section ‘Generic functions and methods’ in the ‘Writing R
    Extensions’ manual.
Flavor: r-release-osx-x86_64

Version: 2.4.0
Check: replacement functions
Result: WARN
    No protocol specified
    The argument of a replacement function which corresponds to the right
    hand side must be named ‘value’.
Flavor: r-release-osx-x86_64

Version: 2.4.0
Check: foreign function calls
Result: NOTE
    No protocol specified
    See chapter ‘System and foreign language interfaces’ in the ‘Writing R
    Extensions’ manual.
Flavor: r-release-osx-x86_64

Version: 2.4.0
Check: R code for possible problems
Result: NOTE
    No protocol specified
Flavor: r-release-osx-x86_64

Version: 2.4.0
Check: for missing documentation entries
Result: WARN
    No protocol specified
    All user-level objects in a package should have documentation entries.
    See chapter ‘Writing R documentation files’ in the ‘Writing R
    Extensions’ manual.
Flavor: r-release-osx-x86_64

Version: 2.4.0
Check: for code/documentation mismatches
Result: WARN
    No protocol specified
    No protocol specified
    No protocol specified
Flavor: r-release-osx-x86_64

Version: 2.4.0
Check: Rd \usage sections
Result: NOTE
    No protocol specified
    The \usage entries for S3 methods should use the \method markup and not
    their full name.
    See chapter ‘Writing R documentation files’ in the ‘Writing R
    Extensions’ manual.
Flavor: r-release-osx-x86_64

Version: 2.4.0
Check: whether package can be installed
Result: ERROR
    Installation failed.
Flavor: r-oldrel-osx-x86_64