CRAN Package Check Results for Package RSSL

Last updated on 2019-11-22 07:55:35 CET.

Flavor Version Tinstall Tcheck Ttotal Status Flags
r-devel-linux-x86_64-debian-clang 0.8 WARN
r-devel-linux-x86_64-debian-gcc 0.8 64.15 147.53 211.68 WARN
r-devel-linux-x86_64-fedora-clang 0.8 353.60 OK
r-devel-linux-x86_64-fedora-gcc 0.8 347.77 WARN
r-devel-windows-ix86+x86_64 0.8 222.00 374.00 596.00 OK
r-devel-windows-ix86+x86_64-gcc8 0.8 155.00 302.00 457.00 OK
r-patched-linux-x86_64 0.8 72.21 181.32 253.53 OK
r-patched-solaris-x86 0.8 419.30 OK
r-release-linux-x86_64 0.8 68.86 181.51 250.37 OK
r-release-windows-ix86+x86_64 0.8 179.00 377.00 556.00 OK
r-release-osx-x86_64 0.8 OK
r-oldrel-windows-ix86+x86_64 0.8 121.00 252.00 373.00 OK
r-oldrel-osx-x86_64 0.8 OK

Check Details

Version: 0.8
Check: whether package can be installed
Result: WARN
    Found the following significant warnings:
     ssl.cpp:1134:4: warning: ignoring return value of function declared with 'warn_unused_result' attribute [-Wunused-result]
Flavor: r-devel-linux-x86_64-debian-clang

Version: 0.8
Check: whether package can be installed
Result: WARN
    Found the following significant warnings:
     ssl.cpp:1134:10: warning: ignoring return value of ‘int fscanf(FILE*, const char*, ...)’, declared with attribute warn_unused_result [-Wunused-result]
Flavors: r-devel-linux-x86_64-debian-gcc, r-devel-linux-x86_64-fedora-gcc