CRAN Package Check Results for Package Rsmlx

Last updated on 2019-11-17 03:48:05 CET.

Flavor Version Tinstall Tcheck Ttotal Status Flags
r-devel-linux-x86_64-debian-clang 2.0.2 9.22 61.67 70.89 OK
r-devel-linux-x86_64-debian-gcc 2.0.2 7.87 45.87 53.74 OK
r-devel-linux-x86_64-fedora-clang 2.0.2 89.95 NOTE
r-devel-linux-x86_64-fedora-gcc 2.0.2 81.83 NOTE
r-devel-windows-ix86+x86_64 2.0.2 30.00 79.00 109.00 OK
r-patched-linux-x86_64 2.0.2 9.20 56.66 65.86 OK
r-patched-solaris-x86 2.0.2 108.80 NOTE
r-release-linux-x86_64 2.0.2 8.78 57.55 66.33 OK
r-release-windows-ix86+x86_64 2.0.2 17.00 101.00 118.00 OK
r-release-osx-x86_64 2.0.2 NOTE
r-oldrel-windows-ix86+x86_64 2.0.2 11.00 99.00 110.00 OK
r-oldrel-osx-x86_64 2.0.2 NOTE

Check Details

Version: 2.0.2
Check: dependencies in R code
Result: NOTE
    Namespaces in Imports field not imported from:
     ‘methods’ ‘tcltk’ ‘tools’
     All declared Imports should be used.
Flavors: r-devel-linux-x86_64-fedora-clang, r-devel-linux-x86_64-fedora-gcc, r-patched-solaris-x86, r-release-osx-x86_64, r-oldrel-osx-x86_64