CRAN Package Check Results for Package SetMethods

Last updated on 2019-11-20 15:49:08 CET.

Flavor Version Tinstall Tcheck Ttotal Status Flags
r-devel-linux-x86_64-debian-clang 2.4 11.76 123.46 135.22 NOTE
r-devel-linux-x86_64-debian-gcc 2.4 9.95 96.28 106.23 NOTE
r-devel-linux-x86_64-fedora-clang 2.4 175.53 NOTE
r-devel-linux-x86_64-fedora-gcc 2.4 162.31 NOTE
r-devel-windows-ix86+x86_64 2.4 36.00 194.00 230.00 NOTE
r-devel-windows-ix86+x86_64-gcc8 2.4 24.00 149.00 173.00 OK
r-patched-linux-x86_64 2.4 11.29 115.99 127.28 NOTE
r-patched-solaris-x86 2.4 154.30 ERROR
r-release-linux-x86_64 2.4 9.58 116.76 126.34 NOTE
r-release-windows-ix86+x86_64 2.4 29.00 207.00 236.00 NOTE
r-release-osx-x86_64 2.4 OK
r-oldrel-windows-ix86+x86_64 2.4 15.00 196.00 211.00 OK
r-oldrel-osx-x86_64 2.4 OK

Check Details

Version: 2.4
Check: R code for possible problems
Result: NOTE
    theory.intersections: no visible global function definition for 'sop'
    Undefined global functions or variables:
     sop
Flavors: r-devel-linux-x86_64-debian-clang, r-devel-linux-x86_64-debian-gcc, r-devel-linux-x86_64-fedora-clang, r-devel-linux-x86_64-fedora-gcc, r-devel-windows-ix86+x86_64, r-patched-linux-x86_64, r-patched-solaris-x86, r-release-linux-x86_64, r-release-windows-ix86+x86_64

Version: 2.4
Check: examples
Result: ERROR
    Running examples in ‘SetMethods-Ex.R’ failed
    The error most likely occurred in:
    
    > ### Name: LR.intersect
    > ### Title: Function for identifying contradictory simplifying assumptions
    > ### or easy counterfactuals.
    > ### Aliases: LR.intersect
    > ### Keywords: QCA
    >
    > ### ** Examples
    >
    > # Import your data. For example:
    >
    > data(SCHF)
    >
    > # Get the parsimonious solution:
    >
    > sol_yp <- minimize(SCHF, outcome = "EXPORT",
    + conditions = c("EMP","BARGAIN","UNI","OCCUP","STOCK", "MA"),
    + incl.cut = .9,
    + include = "?",
    + details = TRUE, show.cases = TRUE)
    
     *** caught segfault ***
    address fa88af00, cause 'memory not mapped'
    
    Traceback:
     1: minimize(SCHF, outcome = "EXPORT", conditions = c("EMP", "BARGAIN", "UNI", "OCCUP", "STOCK", "MA"), incl.cut = 0.9, include = "?", details = TRUE, show.cases = TRUE)
    An irrecoverable exception occurred. R is aborting now ...
Flavor: r-patched-solaris-x86