CRAN Package Check Results for Package TCA

Last updated on 2020-04-05 07:48:37 CEST.

Flavor Version Tinstall Tcheck Ttotal Status Flags
r-devel-linux-x86_64-debian-clang 1.1.0 10.53 86.41 96.94 OK
r-devel-linux-x86_64-debian-gcc 1.1.0 7.21 65.44 72.65 OK
r-devel-linux-x86_64-fedora-clang 1.1.0 110.82 NOTE
r-devel-linux-x86_64-fedora-gcc 1.1.0 111.00 NOTE
r-devel-windows-ix86+x86_64 1.1.0 16.00 96.00 112.00 OK
r-devel-windows-ix86+x86_64-gcc8 1.1.0 19.00 87.00 106.00 OK
r-patched-linux-x86_64 1.1.0 8.49 83.10 91.59 OK
r-patched-solaris-x86 1.1.0 161.10 NOTE
r-release-linux-x86_64 1.1.0 7.27 76.77 84.04 OK
r-release-windows-ix86+x86_64 1.1.0 16.00 129.00 145.00 OK
r-release-osx-x86_64 1.1.0 NOTE
r-oldrel-windows-ix86+x86_64 1.1.0 13.00 91.00 104.00 OK
r-oldrel-osx-x86_64 1.1.0 NOTE

Check Details

Version: 1.1.0
Check: dependencies in R code
Result: NOTE
    Namespaces in Imports field not imported from:
     ‘Matrix’ ‘glmnet’ ‘quadprog’
     All declared Imports should be used.
Flavors: r-devel-linux-x86_64-fedora-clang, r-devel-linux-x86_64-fedora-gcc, r-patched-solaris-x86, r-release-osx-x86_64, r-oldrel-osx-x86_64