CRAN Package Check Results for Package actuar

Last updated on 2019-11-20 11:49:56 CET.

Flavor Version Tinstall Tcheck Ttotal Status Flags
r-devel-linux-x86_64-debian-clang 2.3-2 18.01 91.18 109.19 OK
r-devel-linux-x86_64-debian-gcc 2.3-2 14.55 73.44 87.99 OK
r-devel-linux-x86_64-fedora-clang 2.3-2 142.04 OK
r-devel-linux-x86_64-fedora-gcc 2.3-2 145.97 OK
r-devel-windows-ix86+x86_64 2.3-2 104.00 200.00 304.00 OK
r-devel-windows-ix86+x86_64-gcc8 2.3-2 83.00 160.00 243.00 OK
r-patched-linux-x86_64 2.3-2 15.22 89.06 104.28 OK
r-patched-solaris-x86 2.3-2 172.80 OK
r-release-linux-x86_64 2.3-2 14.61 89.28 103.89 OK
r-release-windows-ix86+x86_64 2.3-2 82.00 217.00 299.00 OK
r-release-osx-x86_64 2.3-2 OK
r-oldrel-windows-ix86+x86_64 2.3-2 143.00 96.00 239.00 WARN
r-oldrel-osx-x86_64 2.3-2 OK

Check Details

Version: 2.3-2
Check: re-building of vignette outputs
Result: WARN
    Error in re-building vignettes:
     ...
    Warning in system(paste(shQuote(texi2dvi), if (quiet) "--quiet" else "", :
     running command '"D:\compiler\texmf\miktex\bin\texify.exe" --quiet --pdf "actuar.tex" --max-iterations=20 -I "D:/RCompile/recent/R-3.5.3/share/texmf/tex/latex" -I "D:/RCompile/recent/R-3.5.3/share/texmf/bibtex/bst"' had status 1
    Error in find_vignette_product(name, by = "texi2pdf", engine = engine) :
     Failed to locate the 'texi2pdf' output file (by engine 'utils::Sweave') for vignette with name 'actuar'. The following files exist in directory '.': 'actuar.Rnw', 'actuar.bib', 'actuar.tex', 'coverage.Rnw', 'credibility.Rnw', 'distributions.Rnw', 'framed.sty', 'modeling.Rnw', 'risk.Rnw', 'simulation.Rnw'
    Calls: buildVignettes -> find_vignette_product
    Execution halted
Flavor: r-oldrel-windows-ix86+x86_64