CRAN Package Check Results for Package aire.zmvm

Last updated on 2020-01-27 11:49:42 CET.

Flavor Version Tinstall Tcheck Ttotal Status Flags
r-devel-linux-x86_64-debian-clang 0.8.2 8.04 61.84 69.88 OK
r-devel-linux-x86_64-debian-gcc 0.8.2 7.12 46.35 53.47 OK
r-devel-linux-x86_64-fedora-clang 0.8.2 86.57 NOTE
r-devel-linux-x86_64-fedora-gcc 0.8.2 80.65 NOTE
r-devel-windows-ix86+x86_64 0.8.2 25.00 111.00 136.00 OK
r-devel-windows-ix86+x86_64-gcc8 0.8.2 36.00 110.00 146.00 OK
r-patched-linux-x86_64 0.8.2 7.41 53.19 60.60 OK
r-patched-solaris-x86 0.8.2 107.20 NOTE
r-release-linux-x86_64 0.8.2 6.07 52.67 58.74 OK
r-release-windows-ix86+x86_64 0.8.2 15.00 65.00 80.00 OK
r-release-osx-x86_64 0.8.2 NOTE
r-oldrel-windows-ix86+x86_64 0.8.2 11.00 61.00 72.00 OK
r-oldrel-osx-x86_64 0.8.2 NOTE

Check Details

Version: 0.8.2
Check: data for non-ASCII characters
Result: NOTE
     Note: found 53 marked UTF-8 strings
Flavors: r-devel-linux-x86_64-fedora-clang, r-devel-linux-x86_64-fedora-gcc, r-patched-solaris-x86, r-release-osx-x86_64, r-oldrel-osx-x86_64

Version: 0.8.2
Check: package dependencies
Result: NOTE
    Package suggested but not available for checking: ‘ggseas’
Flavor: r-release-osx-x86_64