CRAN Package Check Results for Package altair

Last updated on 2020-01-27 11:49:42 CET.

Flavor Version Tinstall Tcheck Ttotal Status Flags
r-devel-linux-x86_64-debian-clang 4.0.1 3.41 32.77 36.18 OK
r-devel-linux-x86_64-debian-gcc 4.0.1 2.73 25.72 28.45 OK
r-devel-linux-x86_64-fedora-clang 4.0.1 44.14 OK
r-devel-linux-x86_64-fedora-gcc 4.0.1 43.33 OK
r-devel-windows-ix86+x86_64 4.0.1 3.00 7.00 10.00 ERROR
r-devel-windows-ix86+x86_64-gcc8 3.1.1 11.00 76.00 87.00 OK
r-patched-linux-x86_64 4.0.1 2.70 29.92 32.62 OK
r-patched-solaris-x86 4.0.1 63.80 NOTE
r-release-linux-x86_64 4.0.1 2.88 29.93 32.81 OK
r-release-windows-ix86+x86_64 3.1.1 7.00 44.00 51.00 OK
r-release-osx-x86_64 3.1.1 NOTE
r-oldrel-windows-ix86+x86_64 4.0.1 15.00 122.00 137.00 OK
r-oldrel-osx-x86_64 3.1.1 NOTE

Check Details

Version: 4.0.1
Check: whether package can be installed
Result: ERROR
    Installation failed.
Flavor: r-devel-windows-ix86+x86_64

Version: 4.0.1
Check: package dependencies
Result: NOTE
    Package suggested but not available for checking: ‘rsvg’
Flavor: r-patched-solaris-x86

Version: 3.1.1
Check: dependencies in R code
Result: NOTE
    Namespaces in Imports field not imported from:
     ‘jsonlite’ ‘rlang’
     All declared Imports should be used.
Flavors: r-release-osx-x86_64, r-oldrel-osx-x86_64