CRAN Package Check Results for Package aqp

Last updated on 2020-02-29 03:49:14 CET.

Flavor Version Tinstall Tcheck Ttotal Status Flags
r-devel-linux-x86_64-debian-clang 1.19 13.91 136.52 150.43 OK
r-devel-linux-x86_64-debian-gcc 1.19 11.88 104.24 116.12 OK
r-devel-linux-x86_64-fedora-clang 1.19 191.08 NOTE
r-devel-linux-x86_64-fedora-gcc 1.19 183.06 NOTE
r-devel-windows-ix86+x86_64 1.19 30.00 214.00 244.00 OK
r-devel-windows-ix86+x86_64-gcc8 1.19 21.00 147.00 168.00 OK
r-patched-linux-x86_64 1.19 11.49 122.52 134.01 OK
r-patched-solaris-x86 1.19 223.00 NOTE
r-release-linux-x86_64 1.19 13.28 121.30 134.58 OK
r-release-windows-ix86+x86_64 1.19 18.00 226.00 244.00 OK
r-release-osx-x86_64 1.19 NOTE
r-oldrel-windows-ix86+x86_64 1.19 15.00 128.00 143.00 OK
r-oldrel-osx-x86_64 1.19 NOTE

Check Details

Version: 1.19
Check: data for non-ASCII characters
Result: NOTE
     Note: found 1 marked Latin-1 string
Flavors: r-devel-linux-x86_64-fedora-clang, r-devel-linux-x86_64-fedora-gcc, r-patched-solaris-x86, r-release-osx-x86_64, r-oldrel-osx-x86_64