CRAN Package Check Results for Package available

Last updated on 2020-04-05 07:48:09 CEST.

Flavor Version Tinstall Tcheck Ttotal Status Flags
r-devel-linux-x86_64-debian-clang 1.0.4 2.61 34.96 37.57 NOTE
r-devel-linux-x86_64-debian-gcc 1.0.4 2.44 27.39 29.83 NOTE
r-devel-linux-x86_64-fedora-clang 1.0.4 47.82 NOTE
r-devel-linux-x86_64-fedora-gcc 1.0.4 47.20 NOTE
r-devel-windows-ix86+x86_64 1.0.4 7.00 45.00 52.00 OK
r-devel-windows-ix86+x86_64-gcc8 1.0.4 11.00 50.00 61.00 NOTE
r-patched-linux-x86_64 1.0.4 2.75 33.50 36.25 NOTE
r-patched-solaris-x86 1.0.4 73.00 NOTE
r-release-linux-x86_64 1.0.4 2.19 31.07 33.26 NOTE
r-release-windows-ix86+x86_64 1.0.4 8.00 64.00 72.00 OK
r-release-osx-x86_64 1.0.4 NOTE
r-oldrel-windows-ix86+x86_64 1.0.4 4.00 48.00 52.00 OK
r-oldrel-osx-x86_64 1.0.4 OK

Check Details

Version: 1.0.4
Check: package dependencies
Result: NOTE
    Package suggested but not available for checking: 'BiocInstaller'
Flavors: r-devel-linux-x86_64-debian-clang, r-devel-linux-x86_64-debian-gcc, r-devel-linux-x86_64-fedora-clang, r-devel-linux-x86_64-fedora-gcc, r-devel-windows-ix86+x86_64-gcc8, r-patched-linux-x86_64, r-patched-solaris-x86, r-release-linux-x86_64, r-release-osx-x86_64