CRAN Package Check Results for Package bigmemory

Last updated on 2020-02-20 23:47:22 CET.

Flavor Version Tinstall Tcheck Ttotal Status Flags
r-devel-linux-x86_64-debian-clang 4.5.36 81.98 42.12 124.10 OK
r-devel-linux-x86_64-debian-gcc 4.5.36 59.71 33.89 93.60 OK
r-devel-linux-x86_64-fedora-clang 4.5.36 166.98 NOTE
r-devel-linux-x86_64-fedora-gcc 4.5.36 169.54 NOTE
r-devel-windows-ix86+x86_64 4.5.36 165.00 82.00 247.00 WARN
r-devel-windows-ix86+x86_64-gcc8 4.5.36 238.00 110.00 348.00 WARN
r-patched-linux-x86_64 4.5.36 67.64 37.14 104.78 OK
r-patched-solaris-x86 4.5.36 151.10 OK
r-release-linux-x86_64 4.5.36 65.41 37.72 103.13 OK
r-release-windows-ix86+x86_64 4.5.36 174.00 84.00 258.00 OK
r-release-osx-x86_64 4.5.36 NOTE
r-oldrel-windows-ix86+x86_64 4.5.36 165.00 81.00 246.00 OK
r-oldrel-osx-x86_64 4.5.36 NOTE

Additional issues

clang-UBSAN

Check Details

Version: 4.5.36
Check: installed package size
Result: NOTE
     installed size is 7.7Mb
     sub-directories of 1Mb or more:
     libs 7.3Mb
Flavors: r-devel-linux-x86_64-fedora-clang, r-release-osx-x86_64, r-oldrel-osx-x86_64

Version: 4.5.36
Check: top-level files
Result: NOTE
     possible bashism in configure line 14 (echo -n):
     echo -n " checking for Sun Studio compiler..."
     possible bashism in configure line 24 (echo -n):
     echo -n " checking for OS..."
Flavors: r-devel-linux-x86_64-fedora-clang, r-devel-linux-x86_64-fedora-gcc

Version: 4.5.36
Check: whether package can be installed
Result: WARN
    Found the following significant warnings:
     D:/RCompile/CRANpkg/lib/4.0/BH/include/boost/interprocess/detail/win32_api.hpp:151:9: warning: ISO C++ prohibits anonymous structs [-Wpedantic]
     D:/RCompile/CRANpkg/lib/4.0/BH/include/boost/interprocess/detail/win32_api.hpp:159:9: warning: ISO C++ prohibits anonymous structs [-Wpedantic]
     D:/RCompile/CRANpkg/lib/4.0/BH/include/boost/interprocess/detail/win32_api.hpp:184:13: warning: ISO C++ prohibits anonymous structs [-Wpedantic]
     D:/RCompile/CRANpkg/lib/4.0/BH/include/boost/interprocess/detail/win32_api.hpp:186:7: warning: ISO C++ prohibits anonymous structs [-Wpedantic]
Flavor: r-devel-windows-ix86+x86_64

Version: 4.5.36
Check: whether package can be installed
Result: WARN
    Found the following significant warnings:
     D:/RCompile/CRANpkg/lib/4.0gcc8/BH/include/boost/interprocess/detail/win32_api.hpp:151:9: warning: ISO C++ prohibits anonymous structs [-Wpedantic]
     D:/RCompile/CRANpkg/lib/4.0gcc8/BH/include/boost/interprocess/detail/win32_api.hpp:159:9: warning: ISO C++ prohibits anonymous structs [-Wpedantic]
     D:/RCompile/CRANpkg/lib/4.0gcc8/BH/include/boost/interprocess/detail/win32_api.hpp:184:13: warning: ISO C++ prohibits anonymous structs [-Wpedantic]
     D:/RCompile/CRANpkg/lib/4.0gcc8/BH/include/boost/interprocess/detail/win32_api.hpp:186:7: warning: ISO C++ prohibits anonymous structs [-Wpedantic]
Flavor: r-devel-windows-ix86+x86_64-gcc8