CRAN Package Check Results for Package binostics

Last updated on 2020-01-25 23:47:29 CET.

Flavor Version Tinstall Tcheck Ttotal Status Flags
r-devel-linux-x86_64-debian-clang 0.1.2 8.92 17.43 26.35 OK
r-devel-linux-x86_64-debian-gcc 0.1.2 7.63 13.63 21.26 OK
r-devel-linux-x86_64-fedora-clang 0.1.2 36.87 NOTE
r-devel-linux-x86_64-fedora-gcc 0.1.2 34.20 NOTE
r-devel-windows-ix86+x86_64 0.1.2 40.00 39.00 79.00 OK
r-devel-windows-ix86+x86_64-gcc8 0.1.2 25.00 49.00 74.00 OK
r-patched-linux-x86_64 0.1.2 8.76 15.92 24.68 OK
r-patched-solaris-x86 0.1.2 50.10 OK
r-release-linux-x86_64 0.1.2 7.75 15.96 23.71 OK
r-release-windows-ix86+x86_64 0.1.2 24.00 50.00 74.00 OK
r-release-osx-x86_64 0.1.2 OK
r-oldrel-windows-ix86+x86_64 0.1.2 23.00 39.00 62.00 OK
r-oldrel-osx-x86_64 0.1.2 OK

Additional issues

valgrind

Check Details

Version: 0.1.2
Check: compiled code
Result: NOTE
    File ‘binostics/libs/binostics.so’:
     Found no calls to: ‘R_registerRoutines’, ‘R_useDynamicSymbols’
    
    It is good practice to register native routines and to disable symbol
    search.
    
    See ‘Writing portable packages’ in the ‘Writing R Extensions’ manual.
Flavors: r-devel-linux-x86_64-fedora-clang, r-devel-linux-x86_64-fedora-gcc