CRAN Package Check Results for Package biostat3

Last updated on 2020-01-21 23:50:46 CET.

Flavor Version Tinstall Tcheck Ttotal Status Flags
r-devel-linux-x86_64-debian-clang 0.1.4 11.49 81.60 93.09 OK
r-devel-linux-x86_64-debian-gcc 0.1.4 9.36 61.85 71.21 OK
r-devel-linux-x86_64-fedora-clang 0.1.4 111.13 NOTE
r-devel-linux-x86_64-fedora-gcc 0.1.4 109.36 OK
r-devel-windows-ix86+x86_64 0.1.4 43.00 138.00 181.00 NOTE
r-devel-windows-ix86+x86_64-gcc8 0.1.4 48.00 100.00 148.00 NOTE
r-patched-linux-x86_64 0.1.4 8.50 70.43 78.93 OK
r-patched-solaris-x86 0.1.4 159.20 NOTE
r-release-linux-x86_64 0.1.4 10.03 71.20 81.23 OK
r-release-windows-ix86+x86_64 0.1.4 27.00 126.00 153.00 NOTE
r-release-osx-x86_64 0.1.4 NOTE
r-oldrel-windows-ix86+x86_64 0.1.4 18.00 79.00 97.00 NOTE
r-oldrel-osx-x86_64 0.1.4 NOTE

Check Details

Version: 0.1.4
Check: installed package size
Result: NOTE
     installed size is 5.6Mb
     sub-directories of 1Mb or more:
     doc 4.7Mb
Flavors: r-devel-linux-x86_64-fedora-clang, r-devel-windows-ix86+x86_64, r-devel-windows-ix86+x86_64-gcc8, r-patched-solaris-x86, r-release-windows-ix86+x86_64, r-release-osx-x86_64, r-oldrel-windows-ix86+x86_64, r-oldrel-osx-x86_64