Last updated on 2019-12-07 15:47:02 CET.
Flavor | Version | Tinstall | Tcheck | Ttotal | Status | Flags |
---|---|---|---|---|---|---|
r-devel-linux-x86_64-debian-clang | 0.1.0 | 8.60 | 59.60 | 68.20 | NOTE | |
r-devel-linux-x86_64-debian-gcc | 0.1.0 | 6.51 | 45.45 | 51.96 | NOTE | |
r-devel-linux-x86_64-fedora-clang | 0.1.0 | 76.80 | NOTE | |||
r-devel-linux-x86_64-fedora-gcc | 0.1.0 | 75.71 | NOTE | |||
r-devel-windows-ix86+x86_64 | 0.1.0 | 22.00 | 98.00 | 120.00 | NOTE | |
r-devel-windows-ix86+x86_64-gcc8 | 0.1.0 | 20.00 | 74.00 | 94.00 | NOTE | |
r-patched-linux-x86_64 | 0.1.0 | 7.91 | 54.86 | 62.77 | OK | |
r-patched-solaris-x86 | 0.1.0 | 97.60 | NOTE | |||
r-release-linux-x86_64 | 0.1.0 | 7.26 | 54.18 | 61.44 | OK | |
r-release-windows-ix86+x86_64 | 0.1.0 | 16.00 | 65.00 | 81.00 | OK | |
r-release-osx-x86_64 | 0.1.0 | NOTE | ||||
r-oldrel-windows-ix86+x86_64 | 0.1.0 | 12.00 | 106.00 | 118.00 | OK | |
r-oldrel-osx-x86_64 | 0.1.0 | NOTE |
Version: 0.1.0
Check: package vignettes
Result: NOTE
Package vignette with placeholder title 'Vignette Title':
'cartools.Rmd'
Flavors: r-devel-linux-x86_64-debian-clang, r-devel-linux-x86_64-debian-gcc, r-devel-windows-ix86+x86_64, r-devel-windows-ix86+x86_64-gcc8
Version: 0.1.0
Check: dependencies in R code
Result: NOTE
Namespaces in Imports field not imported from:
‘animation’ ‘devtools’ ‘gapminder’ ‘knitr’ ‘rlist’ ‘rmarkdown’
‘roxygen2’ ‘sde’ ‘shiny’ ‘tidyverse’ ‘usethis’ ‘utils’
All declared Imports should be used.
Flavors: r-devel-linux-x86_64-fedora-clang, r-devel-linux-x86_64-fedora-gcc, r-patched-solaris-x86, r-release-osx-x86_64, r-oldrel-osx-x86_64