CRAN Package Check Results for Package connections

Last updated on 2020-04-07 07:48:26 CEST.

Flavor Version Tinstall Tcheck Ttotal Status Flags
r-devel-linux-x86_64-debian-clang 0.1.1 5.31 43.90 49.21 OK
r-devel-linux-x86_64-debian-gcc 0.1.1 4.63 34.34 38.97 OK
r-devel-linux-x86_64-fedora-clang 0.1.1 59.11 OK
r-devel-linux-x86_64-fedora-gcc 0.1.1 57.78 OK
r-devel-windows-ix86+x86_64 0.1.1 21.00 61.00 82.00 OK
r-devel-windows-ix86+x86_64-gcc8 0.1.1 14.00 56.00 70.00 OK
r-patched-linux-x86_64 0.1.1 4.91 43.09 48.00 OK
r-patched-solaris-x86 0.1.1 80.90 OK
r-release-linux-x86_64 0.1.1 4.34 39.00 43.34 OK
r-release-windows-ix86+x86_64 0.1.1 11.00 104.00 115.00 OK
r-release-osx-x86_64 0.1.1 ERROR
r-oldrel-windows-ix86+x86_64 0.1.1 6.00 61.00 67.00 OK
r-oldrel-osx-x86_64 0.1.1 ERROR

Check Details

Version: 0.1.1
Check: tests
Result: ERROR
     Running ‘testthat.R’ [2s/3s]
    Running the tests in ‘tests/testthat.R’ failed.
    Last 13 lines of output:
     11. pins::board_pin_store(...)
     13. pins:::board_pin_create.local(...)
     14. pins:::pin_registry_update(name = name, component = board$name)
     15. pins:::pin_registry_save_entries(entries, component)
     16. yaml::write_yaml(entries, pin_registry_config(component))
     17. base::file(file, "w", encoding = fileEncoding)
    
     ══ testthat results ═══════════════════════════════════════════════════════════
     [ OK: 22 | SKIPPED: 0 | WARNINGS: 0 | FAILED: 1 ]
     1. Error: tbl pin is created w/o error (@test-pins.R#16)
    
     Error: testthat unit tests failed
     In addition: Warning message:
     call dbDisconnect() when finished working with a connection
     Execution halted
Flavor: r-release-osx-x86_64

Version: 0.1.1
Check: tests
Result: ERROR
     Running ‘testthat.R’ [2s/2s]
    Running the tests in ‘tests/testthat.R’ failed.
    Last 13 lines of output:
     11. pins::board_pin_store(...)
     13. pins:::board_pin_create.local(...)
     14. pins:::pin_registry_update(name = name, component = board$name)
     15. pins:::pin_registry_save_entries(entries, component)
     16. yaml::write_yaml(entries, pin_registry_config(component))
     17. base::file(file, "w", encoding = fileEncoding)
    
     ══ testthat results ═══════════════════════════════════════════════════════════
     [ OK: 22 | SKIPPED: 0 | WARNINGS: 0 | FAILED: 1 ]
     1. Error: tbl pin is created w/o error (@test-pins.R#16)
    
     Error: testthat unit tests failed
     In addition: Warning message:
     call dbDisconnect() when finished working with a connection
     Execution halted
Flavor: r-oldrel-osx-x86_64