CRAN Package Check Results for Package doMC

Last updated on 2020-04-05 23:47:21 CEST.

Flavor Version Tinstall Tcheck Ttotal Status Flags
r-devel-linux-x86_64-debian-clang 1.3.6 2.22 121.40 123.62 OK
r-devel-linux-x86_64-debian-gcc 1.3.6 0.26 1.87 2.13 ERROR
r-devel-linux-x86_64-fedora-clang 1.3.6 136.01 OK
r-devel-linux-x86_64-fedora-gcc 1.3.6 142.05 OK
r-patched-linux-x86_64 1.3.6 2.30 118.47 120.77 OK
r-patched-solaris-x86 1.3.6 186.30 OK
r-release-linux-x86_64 1.3.6 1.64 109.79 111.43 OK
r-release-osx-x86_64 1.3.6 OK
r-oldrel-osx-x86_64 1.3.6 OK

Check Details

Version: 1.3.6
Check: whether package can be installed
Result: ERROR
    Installation failed.
Flavor: r-devel-linux-x86_64-debian-gcc