CRAN Package Check Results for Package fdrtool

Last updated on 2020-02-26 11:47:57 CET.

Flavor Version Tinstall Tcheck Ttotal Status Flags
r-devel-linux-x86_64-debian-clang 1.2.15 3.24 24.59 27.83 OK
r-devel-linux-x86_64-debian-gcc 1.2.15 2.76 19.23 21.99 OK
r-devel-linux-x86_64-fedora-clang 1.2.15 36.11 NOTE
r-devel-linux-x86_64-fedora-gcc 1.2.15 33.61 NOTE
r-devel-windows-ix86+x86_64 1.2.15 9.00 43.00 52.00 OK
r-devel-windows-ix86+x86_64-gcc8 1.2.15 9.00 44.00 53.00 OK
r-patched-linux-x86_64 1.2.15 2.63 22.39 25.02 OK
r-patched-solaris-x86 1.2.15 48.50 OK
r-release-linux-x86_64 1.2.15 3.00 22.64 25.64 OK
r-release-windows-ix86+x86_64 1.2.15 7.00 56.00 63.00 OK
r-release-osx-x86_64 1.2.15 OK
r-oldrel-windows-ix86+x86_64 1.2.15 5.00 39.00 44.00 OK
r-oldrel-osx-x86_64 1.2.15 OK

Check Details

Version: 1.2.15
Check: compiled code
Result: NOTE
    File ‘fdrtool/libs/fdrtool.so’:
     Found no calls to: ‘R_registerRoutines’, ‘R_useDynamicSymbols’
    
    It is good practice to register native routines and to disable symbol
    search.
    
    See ‘Writing portable packages’ in the ‘Writing R Extensions’ manual.
Flavors: r-devel-linux-x86_64-fedora-clang, r-devel-linux-x86_64-fedora-gcc