CRAN Package Check Results for Package g.data

Last updated on 2020-03-29 19:48:29 CEST.

Flavor Version Tinstall Tcheck Ttotal Status Flags
r-devel-linux-x86_64-debian-clang 2.4 NOTE
r-devel-linux-x86_64-debian-gcc 2.4 1.63 17.77 19.40 NOTE
r-devel-linux-x86_64-fedora-clang 2.4 31.04 OK
r-devel-linux-x86_64-fedora-gcc 2.4 29.96 OK
r-devel-windows-ix86+x86_64 2.4 6.00 54.00 60.00 OK
r-devel-windows-ix86+x86_64-gcc8 2.4 5.00 37.00 42.00 OK
r-patched-linux-x86_64 2.4 2.10 21.64 23.74 NOTE
r-patched-solaris-x86 2.4 48.90 OK
r-release-linux-x86_64 2.4 1.58 20.63 22.21 NOTE
r-release-windows-ix86+x86_64 2.4 4.00 51.00 55.00 OK
r-release-osx-x86_64 2.4 OK
r-oldrel-windows-ix86+x86_64 2.4 2.00 33.00 35.00 OK
r-oldrel-osx-x86_64 2.4 OK

Check Details

Version: 2.4
Check: R code for possible problems
Result: NOTE
    Found the following calls to attach():
    File 'g.data/R/g.data.attach.R':
     attach(NULL, pos, basename(dir))
    See section 'Good practice' in '?attach'.
Flavors: r-devel-linux-x86_64-debian-clang, r-devel-linux-x86_64-debian-gcc, r-patched-linux-x86_64, r-release-linux-x86_64