CRAN Package Check Results for Package gdtools

Last updated on 2019-12-12 15:49:46 CET.

Flavor Version Tinstall Tcheck Ttotal Status Flags
r-devel-linux-x86_64-debian-clang 0.2.1 49.82 25.99 75.81 OK
r-devel-linux-x86_64-debian-gcc 0.2.1 30.20 21.11 51.31 OK
r-devel-linux-x86_64-fedora-clang 0.2.1 104.63 OK
r-devel-linux-x86_64-fedora-gcc 0.2.1 100.72 OK
r-devel-windows-ix86+x86_64 0.2.1 106.00 120.00 226.00 NOTE
r-devel-windows-ix86+x86_64-gcc8 0.2.1 101.00 101.00 202.00 NOTE
r-patched-linux-x86_64 0.2.1 33.08 24.62 57.70 OK
r-patched-solaris-x86 0.2.1 96.20 OK
r-release-linux-x86_64 0.2.1 35.84 24.59 60.43 OK
r-release-windows-ix86+x86_64 0.2.1 85.00 77.00 162.00 NOTE
r-release-osx-x86_64 0.2.1 OK
r-oldrel-windows-ix86+x86_64 0.2.1 84.00 81.00 165.00 NOTE
r-oldrel-osx-x86_64 0.2.1 OK

Check Details

Version: 0.2.1
Check: installed package size
Result: NOTE
     installed size is 7.7Mb
     sub-directories of 1Mb or more:
     libs 7.5Mb
Flavors: r-devel-windows-ix86+x86_64, r-devel-windows-ix86+x86_64-gcc8, r-release-windows-ix86+x86_64, r-oldrel-windows-ix86+x86_64