CRAN Package Check Results for Package geoscale

Last updated on 2020-03-29 19:48:30 CEST.

Flavor Version Tinstall Tcheck Ttotal Status Flags
r-devel-linux-x86_64-debian-clang 2.0 NOTE
r-devel-linux-x86_64-debian-gcc 2.0 2.72 17.93 20.65 NOTE
r-devel-linux-x86_64-fedora-clang 2.0 31.64 NOTE
r-devel-linux-x86_64-fedora-gcc 2.0 30.05 NOTE
r-devel-windows-ix86+x86_64 2.0 8.00 43.00 51.00 NOTE
r-devel-windows-ix86+x86_64-gcc8 2.0 7.00 31.00 38.00 NOTE
r-patched-linux-x86_64 2.0 2.87 22.68 25.55 NOTE
r-patched-solaris-x86 2.0 46.60 NOTE
r-release-linux-x86_64 2.0 2.35 20.61 22.96 NOTE
r-release-windows-ix86+x86_64 2.0 8.00 42.00 50.00 NOTE
r-release-osx-x86_64 2.0 NOTE
r-oldrel-windows-ix86+x86_64 2.0 3.00 26.00 29.00 NOTE
r-oldrel-osx-x86_64 2.0 NOTE

Check Details

Version: 2.0
Check: R code for possible problems
Result: NOTE
    geoscaleBox: no visible global function definition for 'boxplot'
    geoscaleBox: no visible global function definition for 'par'
    geoscaleBox: no visible global function definition for 'text'
    geoscaleBox: no visible global function definition for 'segments'
    geoscaleBox: no visible global function definition for 'rect'
    geoscaleBox: no visible global function definition for 'rgb'
    geoscaleBox: no visible global function definition for 'polygon'
    geoscaleBox: no visible global function definition for 'points'
    geoscaleBox: no visible global function definition for 'axis'
    geoscalePlot: no visible global function definition for 'par'
    geoscalePlot: no visible global function definition for 'text'
    geoscalePlot: no visible global function definition for 'segments'
    geoscalePlot: no visible global function definition for 'rect'
    geoscalePlot: no visible global function definition for 'rgb'
    geoscalePlot: no visible global function definition for 'points'
    geoscalePlot: no visible global function definition for 'axis'
    Undefined global functions or variables:
     axis boxplot par points polygon rect rgb segments text
    Consider adding
     importFrom("grDevices", "rgb")
     importFrom("graphics", "axis", "boxplot", "par", "points", "polygon",
     "rect", "segments", "text")
    to your NAMESPACE file.
Flavors: r-devel-linux-x86_64-debian-clang, r-devel-linux-x86_64-debian-gcc, r-devel-linux-x86_64-fedora-clang, r-devel-linux-x86_64-fedora-gcc, r-devel-windows-ix86+x86_64, r-devel-windows-ix86+x86_64-gcc8, r-patched-linux-x86_64, r-patched-solaris-x86

Version: 2.0
Check: R code for possible problems
Result: NOTE
    geoscaleBox: no visible global function definition for ‘boxplot’
    geoscaleBox: no visible global function definition for ‘par’
    geoscaleBox: no visible global function definition for ‘plot’
    geoscaleBox: no visible global function definition for ‘text’
    geoscaleBox: no visible global function definition for ‘segments’
    geoscaleBox: no visible global function definition for ‘rect’
    geoscaleBox: no visible global function definition for ‘rgb’
    geoscaleBox: no visible global function definition for ‘polygon’
    geoscaleBox: no visible global function definition for ‘points’
    geoscaleBox: no visible global function definition for ‘axis’
    geoscalePlot: no visible global function definition for ‘par’
    geoscalePlot: no visible global function definition for ‘plot’
    geoscalePlot: no visible global function definition for ‘text’
    geoscalePlot: no visible global function definition for ‘segments’
    geoscalePlot: no visible global function definition for ‘rect’
    geoscalePlot: no visible global function definition for ‘rgb’
    geoscalePlot: no visible global function definition for ‘points’
    geoscalePlot: no visible global function definition for ‘axis’
    Undefined global functions or variables:
     axis boxplot par plot points polygon rect rgb segments text
    Consider adding
     importFrom("grDevices", "rgb")
     importFrom("graphics", "axis", "boxplot", "par", "plot", "points",
     "polygon", "rect", "segments", "text")
    to your NAMESPACE file.
Flavors: r-release-linux-x86_64, r-release-windows-ix86+x86_64, r-release-osx-x86_64, r-oldrel-windows-ix86+x86_64, r-oldrel-osx-x86_64