CRAN Package Check Results for Package ggnetwork

Last updated on 2020-02-25 19:52:44 CET.

Flavor Version Tinstall Tcheck Ttotal Status Flags
r-devel-linux-x86_64-debian-clang 0.5.8 4.67 67.98 72.65 OK
r-devel-linux-x86_64-debian-gcc 0.5.8 3.53 51.90 55.43 OK
r-devel-linux-x86_64-fedora-clang 0.5.8 85.83 NOTE
r-devel-linux-x86_64-fedora-gcc 0.5.8 83.28 NOTE
r-devel-windows-ix86+x86_64 0.5.8 15.00 87.00 102.00 OK
r-devel-windows-ix86+x86_64-gcc8 0.5.8 15.00 74.00 89.00 OK
r-patched-linux-x86_64 0.5.8 2.62 60.53 63.15 OK
r-patched-solaris-x86 0.5.8 109.70 NOTE
r-release-linux-x86_64 0.5.8 3.45 60.49 63.94 OK
r-release-windows-ix86+x86_64 0.5.8 11.00 80.00 91.00 OK
r-release-osx-x86_64 0.5.8 NOTE
r-oldrel-windows-ix86+x86_64 0.5.8 7.00 77.00 84.00 OK
r-oldrel-osx-x86_64 0.5.8 NOTE

Check Details

Version: 0.5.8
Check: dependencies in R code
Result: NOTE
    Namespaces in Imports field not imported from:
     ‘sna’ ‘utils’
     All declared Imports should be used.
Flavors: r-devel-linux-x86_64-fedora-clang, r-devel-linux-x86_64-fedora-gcc, r-patched-solaris-x86, r-release-osx-x86_64, r-oldrel-osx-x86_64