CRAN Package Check Results for Package ggraph

Last updated on 2019-11-15 23:52:01 CET.

Flavor Version Tinstall Tcheck Ttotal Status Flags
r-devel-linux-x86_64-debian-clang 2.0.0 80.19 213.55 293.74 OK
r-devel-linux-x86_64-debian-gcc 2.0.0 58.16 157.30 215.46 OK
r-devel-linux-x86_64-fedora-clang 2.0.0 386.30 NOTE
r-devel-linux-x86_64-fedora-gcc 2.0.0 371.78 OK
r-devel-windows-ix86+x86_64 2.0.0 199.00 446.00 645.00 NOTE
r-patched-linux-x86_64 2.0.0 64.65 202.58 267.23 OK
r-patched-solaris-x86 2.0.0 445.80 NOTE
r-release-linux-x86_64 2.0.0 64.24 203.06 267.30 OK
r-release-windows-ix86+x86_64 2.0.0 120.00 464.00 584.00 NOTE
r-release-osx-x86_64 2.0.0 NOTE
r-oldrel-windows-ix86+x86_64 2.0.0 113.00 326.00 439.00 NOTE
r-oldrel-osx-x86_64 2.0.0 NOTE

Check Details

Version: 2.0.0
Check: installed package size
Result: NOTE
     installed size is 7.5Mb
     sub-directories of 1Mb or more:
     doc 3.6Mb
     libs 2.6Mb
Flavors: r-devel-linux-x86_64-fedora-clang, r-devel-windows-ix86+x86_64, r-patched-solaris-x86, r-release-windows-ix86+x86_64, r-release-osx-x86_64, r-oldrel-windows-ix86+x86_64, r-oldrel-osx-x86_64