CRAN Package Check Results for Package ggthemes

Last updated on 2019-11-22 07:55:23 CET.

Flavor Version Tinstall Tcheck Ttotal Status Flags
r-devel-linux-x86_64-debian-clang 4.2.0 OK
r-devel-linux-x86_64-debian-gcc 4.2.0 6.72 70.77 77.49 OK
r-devel-linux-x86_64-fedora-clang 4.2.0 111.33 NOTE
r-devel-linux-x86_64-fedora-gcc 4.2.0 117.64 NOTE
r-devel-windows-ix86+x86_64 4.2.0 32.00 146.00 178.00 OK
r-devel-windows-ix86+x86_64-gcc8 4.2.0 17.00 106.00 123.00 OK
r-patched-linux-x86_64 4.2.0 7.45 85.31 92.76 OK
r-patched-solaris-x86 4.2.0 152.80 NOTE
r-release-linux-x86_64 4.2.0 7.54 84.68 92.22 OK
r-release-windows-ix86+x86_64 4.2.0 18.00 140.00 158.00 OK
r-release-osx-x86_64 4.2.0 NOTE
r-oldrel-windows-ix86+x86_64 4.2.0 11.00 98.00 109.00 OK
r-oldrel-osx-x86_64 4.2.0 NOTE

Check Details

Version: 4.2.0
Check: data for non-ASCII characters
Result: NOTE
     Note: found 138 marked UTF-8 strings
Flavors: r-devel-linux-x86_64-fedora-clang, r-devel-linux-x86_64-fedora-gcc, r-patched-solaris-x86, r-release-osx-x86_64, r-oldrel-osx-x86_64