CRAN Package Check Results for Package graph4lg

Last updated on 2019-11-22 07:55:24 CET.

Flavor Version Tinstall Tcheck Ttotal Status Flags
r-devel-linux-x86_64-debian-clang 0.1.1 OK
r-devel-linux-x86_64-debian-gcc 0.1.1 8.10 138.65 146.75 OK
r-devel-linux-x86_64-fedora-clang 0.1.1 212.81 NOTE
r-devel-linux-x86_64-fedora-gcc 0.1.1 223.79 NOTE
r-devel-windows-ix86+x86_64 0.1.1 37.00 272.00 309.00 OK
r-devel-windows-ix86+x86_64-gcc8 0.1.1 24.00 189.00 213.00 OK
r-patched-linux-x86_64 0.1.1 8.94 168.55 177.49 OK
r-patched-solaris-x86 0.1.1 290.80 NOTE
r-release-linux-x86_64 0.1.1 8.91 166.50 175.41 OK
r-release-windows-ix86+x86_64 0.1.1 33.00 176.00 209.00 OK
r-release-osx-x86_64 0.1.1 NOTE
r-oldrel-windows-ix86+x86_64 0.1.1 12.00 217.00 229.00 OK
r-oldrel-osx-x86_64 0.1.1 NOTE

Check Details

Version: 0.1.1
Check: dependencies in R code
Result: NOTE
    Namespaces in Imports field not imported from:
     ‘Imap’ ‘Rdpack’ ‘ade4’ ‘doBy’ ‘mclust’
     All declared Imports should be used.
Flavors: r-devel-linux-x86_64-fedora-clang, r-devel-linux-x86_64-fedora-gcc, r-patched-solaris-x86, r-release-osx-x86_64, r-oldrel-osx-x86_64