CRAN Package Check Results for Package hydroscoper

Last updated on 2020-06-05 23:49:21 CEST.

Flavor Version Tinstall Tcheck Ttotal Status Flags
r-devel-linux-x86_64-debian-clang 1.3 2.34 39.06 41.40 OK
r-devel-linux-x86_64-debian-gcc 1.3 2.33 30.36 32.69 OK
r-devel-linux-x86_64-fedora-clang 1.3 58.67 NOTE
r-devel-linux-x86_64-fedora-gcc 1.3 51.37 NOTE
r-devel-windows-ix86+x86_64 1.3 11.00 95.00 106.00 OK
r-patched-linux-x86_64 1.3 2.62 38.45 41.07 OK
r-patched-solaris-x86 1.3 73.70 NOTE
r-release-linux-x86_64 1.3 2.83 38.17 41.00 OK
r-release-osx-x86_64 1.3 NOTE
r-release-windows-ix86+x86_64 1.3 15.00 65.00 80.00 OK
r-oldrel-osx-x86_64 1.3 NOTE
r-oldrel-windows-ix86+x86_64 1.3 9.00 79.00 88.00 OK

Check Details

Version: 1.3
Check: data for non-ASCII characters
Result: NOTE
     Note: found 3026 marked UTF-8 strings
Flavors: r-devel-linux-x86_64-fedora-clang, r-devel-linux-x86_64-fedora-gcc, r-patched-solaris-x86, r-release-osx-x86_64, r-oldrel-osx-x86_64