CRAN Package Check Results for Package icd

Last updated on 2019-11-15 23:52:03 CET.

Flavor Version Tinstall Tcheck Ttotal Status Flags
r-devel-linux-x86_64-debian-clang 4.0.6 242.63 201.27 443.90 WARN
r-devel-linux-x86_64-debian-gcc 4.0.6 170.95 176.56 347.51 WARN
r-devel-linux-x86_64-fedora-clang 4.0.6 591.27 WARN
r-devel-linux-x86_64-fedora-gcc 4.0.6 562.12 WARN
r-devel-windows-ix86+x86_64 4.0.6 583.00 405.00 988.00 NOTE
r-patched-linux-x86_64 4.0.6 189.63 195.14 384.77 OK
r-patched-solaris-x86 4.0.6 697.00 NOTE
r-release-linux-x86_64 4.0.6 191.95 194.29 386.24 OK
r-release-windows-ix86+x86_64 4.0.6 477.00 404.00 881.00 NOTE
r-release-osx-x86_64 4.0.6 NOTE
r-oldrel-windows-ix86+x86_64 4.0.6 474.00 272.00 746.00 NOTE
r-oldrel-osx-x86_64 4.0.6 NOTE

Check Details

Version: 4.0.6
Check: whether package can be installed
Result: WARN
    Found the following significant warnings:
     'config' variable 'CPP' is deprecated
Flavors: r-devel-linux-x86_64-debian-clang, r-devel-linux-x86_64-debian-gcc, r-devel-linux-x86_64-fedora-clang, r-devel-linux-x86_64-fedora-gcc

Version: 4.0.6
Check: installed package size
Result: NOTE
     installed size is 12.0Mb
     sub-directories of 1Mb or more:
     R 1.8Mb
     data 1.4Mb
     libs 7.4Mb
Flavors: r-devel-linux-x86_64-fedora-clang, r-devel-windows-ix86+x86_64, r-patched-solaris-x86, r-release-windows-ix86+x86_64, r-release-osx-x86_64, r-oldrel-windows-ix86+x86_64, r-oldrel-osx-x86_64

Version: 4.0.6
Check: data for non-ASCII characters
Result: NOTE
     Note: found 20 marked UTF-8 strings
Flavors: r-devel-linux-x86_64-fedora-clang, r-devel-linux-x86_64-fedora-gcc, r-patched-solaris-x86, r-release-osx-x86_64, r-oldrel-osx-x86_64