CRAN Package Check Results for Package ipc

Last updated on 2019-11-15 19:48:10 CET.

Flavor Version Tinstall Tcheck Ttotal Status Flags
r-devel-linux-x86_64-debian-clang 0.1.3 9.59 27.58 37.17 OK
r-devel-linux-x86_64-debian-gcc 0.1.3 6.55 21.82 28.37 OK
r-devel-linux-x86_64-fedora-clang 0.1.3 43.82 OK
r-devel-linux-x86_64-fedora-gcc 0.1.3 44.19 OK
r-devel-windows-ix86+x86_64 0.1.3 21.00 75.00 96.00 OK
r-patched-linux-x86_64 0.1.3 6.94 26.09 33.03 OK
r-patched-solaris-x86 0.1.3 108.30 NOTE
r-release-linux-x86_64 0.1.3 7.56 25.99 33.55 OK
r-release-windows-ix86+x86_64 0.1.3 13.00 49.00 62.00 OK
r-release-osx-x86_64 0.1.3 OK
r-oldrel-windows-ix86+x86_64 0.1.3 9.00 73.00 82.00 OK

Check Details

Version: 0.1.3
Check: package dependencies
Result: NOTE
    Package suggested but not available for checking: ‘redux’
Flavor: r-patched-solaris-x86