CRAN Package Check Results for Package jqr

Last updated on 2019-11-21 19:48:41 CET.

Flavor Version Tinstall Tcheck Ttotal Status Flags
r-devel-linux-x86_64-debian-clang 1.1.0 3.76 47.91 51.67 OK
r-devel-linux-x86_64-debian-gcc 1.1.0 2.93 41.26 44.19 OK
r-devel-linux-x86_64-fedora-clang 1.1.0 64.92 NOTE
r-devel-linux-x86_64-fedora-gcc 1.1.0 65.14 NOTE
r-devel-windows-ix86+x86_64 1.1.0 19.00 81.00 100.00 OK
r-devel-windows-ix86+x86_64-gcc8 1.1.0 20.00 59.00 79.00 OK
r-patched-linux-x86_64 1.1.0 3.17 47.58 50.75 OK
r-patched-solaris-x86 1.1.0 57.70 OK
r-release-linux-x86_64 1.1.0 3.35 48.09 51.44 OK
r-release-windows-ix86+x86_64 1.1.0 13.00 76.00 89.00 OK
r-release-osx-x86_64 1.1.0 OK
r-oldrel-windows-ix86+x86_64 1.1.0 11.00 73.00 84.00 OK
r-oldrel-osx-x86_64 1.1.0 OK

Check Details

Version: 1.1.0
Check: top-level files
Result: NOTE
    ‘configure’: /bin/bash is not portable
Flavors: r-devel-linux-x86_64-fedora-clang, r-devel-linux-x86_64-fedora-gcc