CRAN Package Check Results for Package kerasR

Last updated on 2020-04-07 03:48:13 CEST.

Flavor Version Tinstall Tcheck Ttotal Status Flags
r-devel-linux-x86_64-debian-clang 0.6.1 12.60 109.18 121.78 OK
r-devel-linux-x86_64-debian-gcc 0.6.1 8.96 85.79 94.75 OK
r-devel-linux-x86_64-fedora-clang 0.6.1 121.82 OK
r-devel-linux-x86_64-fedora-gcc 0.6.1 140.01 OK
r-devel-windows-ix86+x86_64 0.6.1 34.00 270.00 304.00 NOTE
r-devel-windows-ix86+x86_64-gcc8 0.6.1 14.00 61.00 75.00 OK
r-patched-linux-x86_64 0.6.1 12.43 108.04 120.47 OK
r-patched-solaris-x86 0.6.1 165.20 OK
r-release-linux-x86_64 0.6.1 11.29 101.22 112.51 OK
r-release-windows-ix86+x86_64 0.6.1 17.00 230.00 247.00 NOTE
r-release-osx-x86_64 0.6.1 OK
r-oldrel-windows-ix86+x86_64 0.6.1 14.00 58.00 72.00 OK
r-oldrel-osx-x86_64 0.6.1 OK

Check Details

Version: 0.6.1
Check: whether the namespace can be loaded with stated dependencies
Result: NOTE
    Warning in system2(command = python, args = paste0("\"", config_script, :
     running command '"C:/Users/CRAN/AppData/Local/r-miniconda/envs/r-reticulate/python.exe" "d:/RCompile/CRANpkg/lib/4.0/reticulate/config/config.py"' had status 2
    
    A namespace must be able to be loaded with just the base namespace
    loaded: otherwise if the namespace gets loaded by a saved object, the
    session will be unable to start.
    
    Probably some imports need to be declared in the NAMESPACE file.
Flavor: r-devel-windows-ix86+x86_64

Version: 0.6.1
Check: whether the namespace can be loaded with stated dependencies
Result: NOTE
    Warning in system2(command = python, args = paste0("\"", config_script, :
     running command '"C:/Users/CRAN/AppData/Local/r-miniconda/envs/r-reticulate/python.exe" "d:/RCompile/CRANpkg/lib/3.6/reticulate/config/config.py"' had status 2
    
    A namespace must be able to be loaded with just the base namespace
    loaded: otherwise if the namespace gets loaded by a saved object, the
    session will be unable to start.
    
    Probably some imports need to be declared in the NAMESPACE file.
Flavor: r-release-windows-ix86+x86_64