CRAN Package Check Results for Package mboxr

Last updated on 2020-04-05 23:47:32 CEST.

Flavor Version Tinstall Tcheck Ttotal Status Flags
r-devel-linux-x86_64-debian-clang 0.2.0 1.88 23.06 24.94 OK
r-devel-linux-x86_64-debian-gcc 0.2.0 0.29 2.04 2.33 ERROR
r-devel-linux-x86_64-fedora-clang 0.2.0 33.53 OK
r-devel-linux-x86_64-fedora-gcc 0.2.0 38.33 OK
r-devel-windows-ix86+x86_64 0.2.0 10.00 34.00 44.00 OK
r-devel-windows-ix86+x86_64-gcc8 0.2.0 8.00 36.00 44.00 OK
r-patched-linux-x86_64 0.2.0 1.86 24.51 26.37 OK
r-patched-solaris-x86 0.2.0 52.90 OK
r-release-linux-x86_64 0.2.0 1.29 22.59 23.88 OK
r-release-windows-ix86+x86_64 0.2.0 5.00 46.00 51.00 OK
r-release-osx-x86_64 0.2.0 OK
r-oldrel-windows-ix86+x86_64 0.2.0 3.00 38.00 41.00 OK
r-oldrel-osx-x86_64 0.2.0 OK

Check Details

Version: 0.2.0
Check: whether package can be installed
Result: ERROR
    Installation failed.
Flavor: r-devel-linux-x86_64-debian-gcc