CRAN Package Check Results for Package mclust

Last updated on 2020-01-28 23:48:54 CET.

Flavor Version Tinstall Tcheck Ttotal Status Flags
r-devel-linux-x86_64-debian-clang 5.4.5 35.71 217.14 252.85 OK
r-devel-linux-x86_64-debian-gcc 5.4.5 31.88 153.00 184.88 OK
r-devel-linux-x86_64-fedora-clang 5.4.5 306.06 NOTE
r-devel-linux-x86_64-fedora-gcc 5.4.5 301.20 OK
r-devel-windows-ix86+x86_64 5.4.5 73.00 395.00 468.00 NOTE
r-devel-windows-ix86+x86_64-gcc8 5.4.5 86.00 320.00 406.00 NOTE
r-patched-linux-x86_64 5.4.5 OK
r-patched-solaris-x86 5.4.5 406.60 NOTE
r-release-linux-x86_64 5.4.5 31.59 197.92 229.51 OK
r-release-windows-ix86+x86_64 5.4.5 61.00 286.00 347.00 NOTE
r-release-osx-x86_64 5.4.5 NOTE
r-oldrel-windows-ix86+x86_64 5.4.5 78.00 283.00 361.00 NOTE
r-oldrel-osx-x86_64 5.4.5 NOTE

Check Details

Version: 5.4.5
Check: installed package size
Result: NOTE
     installed size is 5.8Mb
     sub-directories of 1Mb or more:
     doc 3.0Mb
Flavors: r-devel-linux-x86_64-fedora-clang, r-devel-windows-ix86+x86_64, r-devel-windows-ix86+x86_64-gcc8, r-patched-solaris-x86, r-release-windows-ix86+x86_64, r-release-osx-x86_64, r-oldrel-windows-ix86+x86_64, r-oldrel-osx-x86_64

Version: 5.4.5
Check: R code for possible problems
Result: NOTE
    surfacePlot : <anonymous>: no visible global function definition for
     'hcl.colors'
    Undefined global functions or variables:
     hcl.colors
Flavors: r-oldrel-windows-ix86+x86_64, r-oldrel-osx-x86_64