CRAN Package Check Results for Package mgarchBEKK

Last updated on 2020-02-20 07:52:01 CET.

Flavor Version Tinstall Tcheck Ttotal Status Flags
r-devel-linux-x86_64-debian-clang 0.0.2 5.46 35.48 40.94 OK
r-devel-linux-x86_64-debian-gcc 0.0.2 4.37 27.14 31.51 OK
r-devel-linux-x86_64-fedora-clang 0.0.2 50.66 NOTE
r-devel-linux-x86_64-fedora-gcc 0.0.2 48.92 NOTE
r-devel-windows-ix86+x86_64 0.0.2 12.00 62.00 74.00 OK
r-devel-windows-ix86+x86_64-gcc8 0.0.2 24.00 85.00 109.00 OK
r-patched-linux-x86_64 0.0.2 3.47 31.61 35.08 OK
r-patched-solaris-x86 0.0.2 75.70 OK
r-release-linux-x86_64 0.0.2 4.20 31.69 35.89 OK
r-release-windows-ix86+x86_64 0.0.2 12.00 59.00 71.00 OK
r-release-osx-x86_64 0.0.2 OK
r-oldrel-windows-ix86+x86_64 0.0.2 12.00 57.00 69.00 OK
r-oldrel-osx-x86_64 0.0.2 OK

Check Details

Version: 0.0.2
Check: compiled code
Result: NOTE
    File ‘mgarchBEKK/libs/mgarchBEKK.so’:
     Found no calls to: ‘R_registerRoutines’, ‘R_useDynamicSymbols’
    
    It is good practice to register native routines and to disable symbol
    search.
    
    See ‘Writing portable packages’ in the ‘Writing R Extensions’ manual.
Flavors: r-devel-linux-x86_64-fedora-clang, r-devel-linux-x86_64-fedora-gcc