CRAN Package Check Results for Package mnlogit

Last updated on 2020-01-19 19:47:57 CET.

Flavor Version Tinstall Tcheck Ttotal Status Flags
r-devel-linux-x86_64-debian-clang 1.2.6 5.22 602.35 607.57 OK
r-devel-linux-x86_64-debian-gcc 1.2.6 4.27 459.20 463.47 OK
r-devel-linux-x86_64-fedora-clang 1.2.6 753.72 OK
r-devel-linux-x86_64-fedora-gcc 1.2.6 752.86 OK
r-devel-windows-ix86+x86_64 1.2.6 18.00 59.00 77.00 OK --no-vignettes
r-devel-windows-ix86+x86_64-gcc8 1.2.6 12.00 78.00 90.00 OK --no-vignettes
r-patched-linux-x86_64 1.2.6 4.04 590.12 594.16 OK
r-patched-solaris-x86 1.2.6 1967.30 WARN
r-release-linux-x86_64 1.2.6 3.67 592.27 595.94 OK
r-release-windows-ix86+x86_64 1.2.6 16.00 57.00 73.00 OK --no-vignettes
r-release-osx-x86_64 1.2.6 FAIL
r-oldrel-windows-ix86+x86_64 1.2.6 12.00 55.00 67.00 OK --no-vignettes
r-oldrel-osx-x86_64 1.2.6 FAIL

Check Details

Version: 1.2.6
Check: re-building of vignette outputs
Result: WARN
    Error(s) in re-building vignettes:
     ...
    --- re-building ‘mnlogit.Rnw’ using Sweave
    Package: mnlogit
    Version: 1.2.6
    Multinomial Logit Choice Models.
    Scientific Computing Group, Sentrana Inc.
    Loading required package: Formula
    Loading required package: zoo
    
    Attaching package: 'zoo'
    
    The following object is masked from 'package:mnlogit':
    
     index
    
    The following objects are masked from 'package:base':
    
     as.Date, as.Date.numeric
    
    Loading required package: lmtest
    
    Attaching package: 'mlogit'
    
    The following objects are masked from 'package:mnlogit':
    
     hmftest, scoretest
Flavor: r-patched-solaris-x86

Version: 1.2.6
Check: re-building of vignette outputs
Result: FAIL
Flavors: r-release-osx-x86_64, r-oldrel-osx-x86_64